 = -276. Calculate the remainder when f*((-4)/6)/2 is divided by 6.
5
Let c be (-3000)/18 + (-2)/(-3). What is the remainder when 83 is divided by c/(-8) + 5/20?
20
Suppose 5*s = 7*s - 38. What is the remainder when 74 is divided by s?
17
Suppose -2*y - 70 = -o + y, 3*o = -y + 170. Let t = o - 15. Calculate the remainder when t is divided by 15.
13
Let v = 13 + -10. Calculate the remainder when (v + 79)*(-3)/(-6) is divided by 14.
13
Suppose 3*b = -5*c + 220, -3*c + 4*b = -c - 62. Suppose -c = -4*q - 1. Let v = 6 - -12. What is the remainder when v is divided by q?
8
Let a be (8/10)/((-2)/(-5)). Suppose -a*t + 232 = 2*t. Let y(n) = -n**3 + 13*n**2 + 15. Calculate the remainder when t is divided by y(13).
13
Let b = -12 + 33. What is the remainder when b is divided by (-24)/(-8) + (-9)/(-1)?
9
Suppose 7*p + 3*s = 4*p + 45, 0 = 4*s. Calculate the remainder when 147 is divided by p.
12
Let z be (-2)/6 - 5/(-15). Let d(r) = r**3 - 4*r**2 - 3. Let t be d(4). Let v = z - t. Calculate the remainder when 9 is divided by v.
0
Suppose 3*j = 8 + 1. Suppose 4*x - 28 = 3*y + 41, j*y + 48 = 3*x. Let f(c) = -3*c**2 - 34*c - 3. Calculate the remainder when x is divided by f(-11).
5
Let w be (-15)/(-1) + -1*1. Suppose n + w = 2*n. What is the remainder when n is divided by (36/15)/3*10?
6
Let c = 58 - 55. Let p be 3*(-2 - 28/(-6)). Suppose 0 = 5*m - 38 + p. What is the remainder when m is divided by c?
0
Let r = -10 + 26. Suppose 11*j + 50 = r*j. What is the remainder when j is divided by 4?
2
Let r(y) = -y**2 + 4*y - 13. Let h be r(9). Let i = -21 - h. What is the remainder when i is divided by 13?
11
Suppose -9*h + 596 + 25 = 0. What is the remainder when h is divided by 24?
21
Suppose -5*h = -c + 264, -h - c + 56 = -2*h. Let q = 118 + h. Calculate the remainder when q is divided by 17.
15
Let h = 2 - -4. Let b = -12 - -19. Let o = b - -2. Calculate the remainder when o is divided by h.
3
Suppose -n + 40 = n. Let h = 132 - 55. Calculate the remainder when h is divided by n.
17
Suppose -2*l + 0 = -20. Let k(p) = 2*p - 3. Let s be k(l). Let a = -5 + s. Calculate the remainder when 22 is divided by a.
10
Let r = -20 - -12. Let c = 13 + r. Suppose 3*p + c*t - 7 = 26, -2*t - 54 = -3*p. Calculate the remainder when 46 is divided by p.
14
Let k = -10 + 17. Calculate the remainder when k is divided by (-6)/14 - 288/(-84).
1
Let z be 4 + -1*(-1)/(-1). Suppose 4*g - z*g - 77 = 0. Calculate the remainder when g is divided by 26.
25
Suppose 3*b - 52 = 113. Calculate the remainder when 4 + (3 + -2)*-2 is divided by b/44 + 6/8.
0
Suppose -2*r = -4*r + 40. What is the remainder when r is divided by 7?
6
Let d(j) = -11*j**3 - 3*j - 5. What is the remainder when d(-2) is divided by (-1 - -2)/((-3)/(-69))?
20
Let k = 11 + -2. Let u = -6 + k. Calculate the remainder when 6 is divided by u.
0
Let n(r) = -r. Let h(u) = -u**2 + 8*u + 1. Let z(i) = h(i) + 3*n(i). Let y be z(5). What is the remainder when 81/3 + -2 + y is divided by 14?
12
Suppose 3*n + 2*n = 215. What is the remainder when n is divided by 206/14 + (-2)/(-7)?
13
Let w = 0 + 2. Suppose w*k + 132 = 4*q, -4*q = -0*q + 3*k - 122. What is the remainder when q is divided by (-4)/(-14) + (-150)/(-14)?
10
Suppose -y + 0*y = -1. Let s = y - -39. Calculate the remainder when s is divided by 15/1 + (-2 - -1).
12
Let h(l) = 0*l - l + 3 + 2*l. Calculate the remainder when 46 is divided by h(9).
10
Let p = -104 + 189. Calculate the remainder when p is divided by 29.
27
Suppose -2*y - 5*i = y - 144, 5*y - i = 240. Suppose 2*k = y + 14. Calculate the remainder when k is divided by 17.
14
Suppose -2*u - 4*o + 136 + 36 = 0, 2*o = 5*u - 466. Calculate the remainder when u is divided by 12.
8
Suppose 2*j - 14 = -n, -7*n = -2*n - 4*j - 98. Let a(x) = -5 + x - 7*x + 4. Calculate the remainder when a(-6) is divided by n.
17
Suppose g - 142 = -3*s - 0*s, s = g - 142. What is the remainder when g is divided by 36?
34
Suppose 47 = 4*l + l - 2*o, 35 = 4*l + o. Calculate the remainder when 24 is divided by l.
6
Let s = 269 - 179. Calculate the remainder when s is divided by 23.
21
Suppose 0*v + 5*v - 90 = 0. Let f = 36 - v. Calculate the remainder when 34 is divided by f.
16
Suppose -3*s + 60 = 4*l, -2*l - 3*l + s = -56. What is the remainder when 24 is divided by l?
0
Let y be 12/(-10)*120/(-36). Suppose 6*z = -2*k + 2*z + 110, y*k + 5*z = 220. Calculate the remainder when k is divided by 14.
13
Suppose 3*r = 5 + 4. Suppose r*l + 19 = g, 23 = 2*g - g - 4*l. Suppose 3*y + m + 6 - 63 = 0, 0 = 2*m. Calculate the remainder when y is divided by g.
5
Suppose 44 = 5*k - 141. What is the remainder when k is divided by 20?
17
Suppose 2*i - 24 = -3*n + 3, 3*n + 9 = i. Let o(p) = p**3 + 8*p**2 - 10*p - 10. Let h be o(-9). What is the remainder when 1*23*h/(-1) is divided by i?
11
Suppose 18 = 3*g - 3*q, -1 = -5*g + 4*q + 24. Suppose -l + 6 = -g. Suppose 0 = -j + 2 + 2. Calculate the remainder when l is divided by j.
3
Let w be 87*(0 - 2)/(-6). Let n = -7 + w. What is the remainder when n is divided by ((-32)/10)/((-2)/5)?
6
Suppose 21 = -a + 8*a. What is the remainder when 10 is divided by a?
1
Let t = -6 - 2. Let d = t - -19. What is the remainder when 32 is divided by d?
10
Let f = 53 - 29. Suppose 7*c = 5*c + f. Calculate the remainder when 35 is divided by c.
11
Let l(x) = 32*x**3 + 6*x**2 - 7*x + 5. Let c(y) = -31*y**3 - 5*y**2 + 6*y - 4. Let h(p) = 6*c(p) + 5*l(p). Calculate the remainder when 77 is divided by h(-1).
25
Let x = 21 - 12. Let d(j) = j**3 - 7*j**2 - 5*j - 9. Calculate the remainder when d(8) is divided by x.
6
Suppose 15 = -0*c + 3*c. Suppose 14 = o + 5*i + 1, o = c*i - 7. Calculate the remainder when o is divided by 3.
0
Let z be (6*1)/(-2)*1. Calculate the remainder when 36 is divided by ((-3)/6)/(z/114).
17
Suppose 2*z - 4*z = -30. Let y(c) = -2*c**3 - 16*c**2 - 2*c - 12. What is the remainder when z is divided by y(-8)?
3
Suppose 0 = 5*p - r - 11, -8 = -2*p + 6*p - 5*r. Suppose 0 = -p*a - a + 68. Calculate the remainder when a is divided by 6.
5
Let p(i) = -i**3 + 3*i - 4. Let j(c) = 2*c**3 + 40*c**2 + 13. What is the remainder when p(-4) is divided by j(-20)?
9
Let u(v) = -v**3 + 11*v**2 + 29*v - 6. Calculate the remainder when u(13) is divided by 12.
9
Let o be ((-10)/(-3))/((-4)/(-6)). Let q = o - 10. Let k(z) = z**3 + 4*z**2 - 7*z - 4. Calculate the remainder when 11 is divided by k(q).
5
Let b(w) = w**3 - 7*w**2 + 3*w - 9. Calculate the remainder when 46 is divided by b(7).
10
Suppose 3*s - 473 = -4*a, 7*s = 12*s + 5. What is the remainder when a is divided by 43?
33
Suppose 0 = -5*p + 15, q + 0*q = -3*p + 12. Calculate the remainder when 12 is divided by q.
0
Let o(b) = -35*b**3 + b**2 + 2*b + 1. Let s = 45 - 26. What is the remainder when o(-1) is divided by s?
16
Let j(v) = v**3 + 7*v**2 + v + 15. Suppose 52 = p + 3*p. Calculate the remainder when p is divided by j(-7).
5
Let a(d) = d**3 - 7*d**2 + 2*d - 9. Calculate the remainder when (-112)/24*(-6)/2 is divided by a(7).
4
Calculate the remainder when 56 is divided by 29/3*(0 - -3).
27
Suppose 0 = 3*v - 4*v + 17. Calculate the remainder when 2 + 48 - (-2)/(-1) is divided by v.
14
Suppose -2*a + 33 = -15. Calculate the remainder when a is divided by 5.
4
Let a(l) = l**2 - 2*l + 2. Let c be a(2). Suppose -c*v = -5*v + 15. Suppose 0*o - 3*o = 0, 4*o = -v*g + 105. Calculate the remainder when g is divided by 8.
5
Let m = -4 - 1. Let z = m + 24. Let b(d) = d**2 + 5*d + 1. What is the remainder when b(-9) is divided by z?
18
Let g = 42 - 26. Calculate the remainder when g is divided by (2/(-6))/(7/(-126)).
4
Calculate the remainder when 83 is divided by ((-15)/(-45))/((-2)/(-72)).
11
Suppose -280 = 2*c - 10*c. Calculate the remainder when c is divided by 9.
8
Suppose 2*f + 7*g + 9 = 2*g, f = -4*g - 12. Let d = 11 - f. Calculate the remainder when (2/(-4))/(1/(-10)) is divided by d.
2
What is the remainder when 0 - 5 - (0 - 14) is divided by 6?
3
Suppose 0*s - 4*s - 4*b = -128, -64 = -2*s - 5*b. Let k = s + -18. What is the remainder when 41 is divided by k?
13
Let s(n) = -n**3 - 7*n**2 - 5*n + 7. What is the remainder when s(-6) is divided by (-48)/(-32)*(-4)/(-6)?
0
Suppose 5*z - 3*a = 414, a + 250 = -0*z + 3*z. What is the remainder when z is divided by 17?
16
Suppose 